{"id":2219,"date":"2015-06-26T17:51:40","date_gmt":"2015-06-26T15:51:40","guid":{"rendered":"https:\/\/biblioteca.tianat.cat\/?page_id=2219"},"modified":"2024-09-20T16:04:13","modified_gmt":"2024-09-20T14:04:13","slug":"lhora-del-conte","status":"publish","type":"page","link":"https:\/\/biblioteca.tianat.cat\/?page_id=2219","title":{"rendered":"L&#8217;hora del conte"},"content":{"rendered":"<div class=\"tx-row\">\n<div class=\"tx-column tx-column-size-1-3\">\n<h3>Un conte quinzenal<\/h3>\n<p>Cada quinze dies, els dijous a les <strong>18 h<\/strong>, us convidem a gaudir de l&#8217;hora del conte a la biblioteca de Tiana. Una estona dedicada als nens i nenes a partir de\u00a04 anys.<\/p>\n<p>Descobrir nous contes, deixar-nos seduir pels contes de sempre&#8230; \u00e9s que el que podreu trobar dins d&#8217;aquesta hora que us oferim de forma gratu\u00efta des de la biblioteca.<\/p>\n<p>Els nostres narradors us faran volar a mons llunyans i imaginaris que segurament us acabaran semblant ben reals!<\/p>\n<\/div>\n<div class=\"tx-column tx-column-size-1-3\">\n<h3>Agenda<\/h3>\n<p>Consulta <a href=\"https:\/\/biblioteca.tianat.cat\/?page_id=506\">l&#8217;agenda d&#8217;activitats<\/a>!<\/p>\n<\/div>\n<div class=\"tx-column tx-column-size-1-3\">\n<p><center><iframe loading=\"lazy\" src=\"https:\/\/www.youtube.com\/embed\/VEFVMRm-ptA\" width=\"420\" height=\"315\" frameborder=\"0\" allowfullscreen=\"allowfullscreen\"><\/iframe><\/center><\/p>\n<\/div>\n<\/div>\n<div class=\"tx-divider clearfix\" style=\"margin-top: 10px;margin-bottom: 10px\"><\/div>\n<h3>Les properes sessions<\/h3>\n<div class=\"tx-blog tx-post-row tx-masonry\"><div class=\"tx-blog-item tx-post-col-4\"><div class=\"tx-border-box\"><div class=\"tx-blog-img\"><a href=\"https:\/\/biblioteca.tianat.cat\/wp-content\/uploads\/2026\/04\/bum-tresor-pirata-bv.jpg\" class=\"tx-colorbox\"><img src=\"https:\/\/biblioteca.tianat.cat\/wp-content\/uploads\/2026\/04\/bum-tresor-pirata-bv-600x360.jpg\" alt=\"\" class=\"blog-image\" \/><\/a><span class=\"tx-post-comm\"><span>0<\/span><\/span><\/div><div class=\"tx-post-content\"><h3 class=\"tx-post-title\"><a href=\"https:\/\/biblioteca.tianat.cat\/?p=12438\">Hora del conte: En Bum i el tresor pirata<\/a><\/h3><div style=\"height: 16px;\"><\/div><div class=\"tx-blog-content\">Dijous 7 de maig a les 18 h. Iniciem el mes de maig amb una nova sessi\u00f3 de l&#8217;hora del conte per a infants. Aquesta vegada descobrirem en Bum i el tresor<a class=\"moretag\" href=\"https:\/\/biblioteca.tianat.cat\/?p=12438\">Read More...<\/a><\/div><div class=\"tx-meta\"><span class=\"tx-author\">By : <a href=\"https:\/\/biblioteca.tianat.cat\/?author=4\">Marta Huguet<\/a><\/span><span class=\"tx-date\"> | abr. 25, 2026<\/span><\/div><\/div><\/div><\/div><div class=\"tx-blog-item tx-post-col-4\"><div class=\"tx-border-box\"><div class=\"tx-blog-img\"><a href=\"https:\/\/biblioteca.tianat.cat\/wp-content\/uploads\/2026\/04\/contes-mullats-bv.jpg\" class=\"tx-colorbox\"><img src=\"https:\/\/biblioteca.tianat.cat\/wp-content\/uploads\/2026\/04\/contes-mullats-bv-600x360.jpg\" alt=\"\" class=\"blog-image\" \/><\/a><span class=\"tx-post-comm\"><span>0<\/span><\/span><\/div><div class=\"tx-post-content\"><h3 class=\"tx-post-title\"><a href=\"https:\/\/biblioteca.tianat.cat\/?p=12435\">Hora del conte: Contes mullats, salats i esquitxats<\/a><\/h3><div style=\"height: 16px;\"><\/div><div class=\"tx-blog-content\">Dijous 21 de maig a les 18 h. Un dijous m\u00e9s, una nova sessi\u00f3 de l&#8217;hora del conte. Aquest cop descobrirem Contes mullats, salats i esquitxats, una proposta plena d\u2019imaginaci\u00f3 que ens<a class=\"moretag\" href=\"https:\/\/biblioteca.tianat.cat\/?p=12435\">Read More...<\/a><\/div><div class=\"tx-meta\"><span class=\"tx-author\">By : <a href=\"https:\/\/biblioteca.tianat.cat\/?author=4\">Marta Huguet<\/a><\/span><span class=\"tx-date\"> | abr. 25, 2026<\/span><\/div><\/div><\/div><\/div><div class=\"tx-blog-item tx-post-col-4\"><div class=\"tx-border-box\"><div class=\"tx-blog-img\"><a href=\"https:\/\/biblioteca.tianat.cat\/wp-content\/uploads\/2026\/03\/Hora-conte-BV-1.jpg\" class=\"tx-colorbox\"><img src=\"https:\/\/biblioteca.tianat.cat\/wp-content\/uploads\/2026\/03\/Hora-conte-BV-1-600x360.jpg\" alt=\"\" class=\"blog-image\" \/><\/a><span class=\"tx-post-comm\"><span>0<\/span><\/span><\/div><div class=\"tx-post-content\"><h3 class=\"tx-post-title\"><a href=\"https:\/\/biblioteca.tianat.cat\/?p=12379\">Hora del conte: Llegendes de dracs<\/a><\/h3><div style=\"height: 16px;\"><\/div><div class=\"tx-blog-content\">Dijous 23 d&#8217;abril a les 18 h. Aquest dijous, diada de Sant Jordi, la Biblioteca acollir\u00e0 una hora del conte que porta per t\u00edtol: &#8220;Llegendes de dracs&#8221;, una proposta per descobrir hist\u00f2ries<a class=\"moretag\" href=\"https:\/\/biblioteca.tianat.cat\/?p=12379\">Read More...<\/a><\/div><div class=\"tx-meta\"><span class=\"tx-author\">By : <a href=\"https:\/\/biblioteca.tianat.cat\/?author=4\">Marta Huguet<\/a><\/span><span class=\"tx-date\"> | mar\u00e7 28, 2026<\/span><\/div><\/div><\/div><\/div><div class=\"tx-blog-item tx-post-col-4\"><div class=\"tx-border-box\"><div class=\"tx-blog-img\"><a href=\"https:\/\/biblioteca.tianat.cat\/wp-content\/uploads\/2026\/02\/HoradelConte_LaVerema.jpg\" class=\"tx-colorbox\"><img src=\"https:\/\/biblioteca.tianat.cat\/wp-content\/uploads\/2026\/02\/HoradelConte_LaVerema-600x360.jpg\" alt=\"\" class=\"blog-image\" \/><\/a><span class=\"tx-post-comm\"><span>0<\/span><\/span><\/div><div class=\"tx-post-content\"><h3 class=\"tx-post-title\"><a href=\"https:\/\/biblioteca.tianat.cat\/?p=12331\">Hora del conte: La verema<\/a><\/h3><div style=\"height: 16px;\"><\/div><div class=\"tx-blog-content\">Dijous 19 de mar\u00e7 a les 18 h. Aquesta sessi\u00f3 quinzenal de l&#8217;hora del conte, estar\u00e0 dedicada a La Verema i anir\u00e0 a c\u00e0rrec de la mateixa autora del llibre, Noem\u00ed Fern\u00e1ndez.<a class=\"moretag\" href=\"https:\/\/biblioteca.tianat.cat\/?p=12331\">Read More...<\/a><\/div><div class=\"tx-meta\"><span class=\"tx-author\">By : <a href=\"https:\/\/biblioteca.tianat.cat\/?author=4\">Marta Huguet<\/a><\/span><span class=\"tx-date\"> | febr. 26, 2026<\/span><\/div><\/div><\/div><\/div><\/div><div class=\"nx-paging\"><div class=\"nx-paging-inner\"><span aria-current=\"page\" class=\"page-numbers current\">1<\/span>\n<a class=\"page-numbers\" href=\"https:\/\/biblioteca.tianat.cat\/index.php\/?paged=2&#038;rest_route=%2Fwp%2Fv2%2Fpages%2F2219\">2<\/a>\n<a class=\"page-numbers\" href=\"https:\/\/biblioteca.tianat.cat\/index.php\/?paged=3&#038;rest_route=%2Fwp%2Fv2%2Fpages%2F2219\">3<\/a>\n<span class=\"page-numbers dots\">&hellip;<\/span>\n<a class=\"page-numbers\" href=\"https:\/\/biblioteca.tianat.cat\/index.php\/?paged=42&#038;rest_route=%2Fwp%2Fv2%2Fpages%2F2219\">42<\/a>\n<a class=\"next page-numbers\" href=\"https:\/\/biblioteca.tianat.cat\/index.php\/?paged=2&#038;rest_route=%2Fwp%2Fv2%2Fpages%2F2219\">&raquo;<\/a><\/div><\/div>\n","protected":false},"excerpt":{"rendered":"<p>Les properes sessions<\/p>\n","protected":false},"author":1,"featured_media":0,"parent":2223,"menu_order":0,"comment_status":"closed","ping_status":"closed","template":"page-sidebar.php","meta":[],"_links":{"self":[{"href":"https:\/\/biblioteca.tianat.cat\/index.php?rest_route=\/wp\/v2\/pages\/2219"}],"collection":[{"href":"https:\/\/biblioteca.tianat.cat\/index.php?rest_route=\/wp\/v2\/pages"}],"about":[{"href":"https:\/\/biblioteca.tianat.cat\/index.php?rest_route=\/wp\/v2\/types\/page"}],"author":[{"embeddable":true,"href":"https:\/\/biblioteca.tianat.cat\/index.php?rest_route=\/wp\/v2\/users\/1"}],"replies":[{"embeddable":true,"href":"https:\/\/biblioteca.tianat.cat\/index.php?rest_route=%2Fwp%2Fv2%2Fcomments&post=2219"}],"version-history":[{"count":129,"href":"https:\/\/biblioteca.tianat.cat\/index.php?rest_route=\/wp\/v2\/pages\/2219\/revisions"}],"predecessor-version":[{"id":11473,"href":"https:\/\/biblioteca.tianat.cat\/index.php?rest_route=\/wp\/v2\/pages\/2219\/revisions\/11473"}],"up":[{"embeddable":true,"href":"https:\/\/biblioteca.tianat.cat\/index.php?rest_route=\/wp\/v2\/pages\/2223"}],"wp:attachment":[{"href":"https:\/\/biblioteca.tianat.cat\/index.php?rest_route=%2Fwp%2Fv2%2Fmedia&parent=2219"}],"curies":[{"name":"wp","href":"https:\/\/api.w.org\/{rel}","templated":true}]}}