{"id":4178,"date":"2025-08-01T21:23:00","date_gmt":"2025-08-01T19:23:00","guid":{"rendered":"https:\/\/biblioteca.tianat.cat\/?page_id=4178"},"modified":"2025-07-24T18:26:47","modified_gmt":"2025-07-24T16:26:47","slug":"noticies","status":"publish","type":"page","link":"https:\/\/biblioteca.tianat.cat\/?page_id=4178","title":{"rendered":"Not\u00edcies"},"content":{"rendered":"<h3>Les \u00faltimes not\u00edcies de la biblioteca:<\/h3>\n<p>Aquest estiu la Biblioteca romandr\u00e0 tancada per vacances del 4 d&#8217;agost al 24 d&#8217;agost (ambd\u00f3s inclosos)<\/p>\n<div class=\"tx-blog tx-post-row tx-masonry\"><div class=\"tx-blog-item tx-post-col-4\"><div class=\"tx-border-box\"><div class=\"tx-blog-img\"><a href=\"https:\/\/biblioteca.tianat.cat\/wp-content\/uploads\/2026\/03\/TIANA-LLEGIM-BUTLLETI.jpg\" class=\"tx-colorbox\"><img src=\"https:\/\/biblioteca.tianat.cat\/wp-content\/uploads\/2026\/03\/TIANA-LLEGIM-BUTLLETI-600x360.jpg\" alt=\"\" class=\"blog-image\" \/><\/a><span class=\"tx-post-comm\"><span>0<\/span><\/span><\/div><div class=\"tx-post-content\"><h3 class=\"tx-post-title\"><a href=\"https:\/\/biblioteca.tianat.cat\/?p=12412\">Diada de Sant Jordi<\/a><\/h3><div style=\"height: 16px;\"><\/div><div class=\"tx-blog-content\">Dijous 23 d&#8217;abril al passatge Moragas Aquest dijous 23 d&#8217;abril, celebrem la Diada de Sant Jordi amb una sessi\u00f3 especial de signatures d\u2019autors al passatge Moragas, un espai que es convertir\u00e0 en<a class=\"moretag\" href=\"https:\/\/biblioteca.tianat.cat\/?p=12412\">Read More...<\/a><\/div><div class=\"tx-meta\"><span class=\"tx-author\">By : <a href=\"https:\/\/biblioteca.tianat.cat\/?author=4\">Marta Huguet<\/a><\/span><span class=\"tx-date\"> | mar\u00e7 28, 2026<\/span><\/div><\/div><\/div><\/div><div class=\"tx-blog-item tx-post-col-4\"><div class=\"tx-border-box\"><div class=\"tx-blog-img\"><a href=\"https:\/\/biblioteca.tianat.cat\/wp-content\/uploads\/2026\/03\/hora-menuda-BV.jpg\" class=\"tx-colorbox\"><img src=\"https:\/\/biblioteca.tianat.cat\/wp-content\/uploads\/2026\/03\/hora-menuda-BV-600x360.jpg\" alt=\"\" class=\"blog-image\" \/><\/a><span class=\"tx-post-comm\"><span>0<\/span><\/span><\/div><div class=\"tx-post-content\"><h3 class=\"tx-post-title\"><a href=\"https:\/\/biblioteca.tianat.cat\/?p=12382\">L&#8217;hora menuda: Cantem contes<\/a><\/h3><div style=\"height: 16px;\"><\/div><div class=\"tx-blog-content\">Dissabte 18 d&#8217;abril a les 11 h. Aquest dissabte amb l\u2019acompanyament d\u2019un acordi\u00f3 diat\u00f2nic, cantarem contes\u2026 o potser contarem can\u00e7ons. Tot dep\u00e8n de com es miri! En aquesta sessi\u00f3, cada hist\u00f2ria amaga<a class=\"moretag\" href=\"https:\/\/biblioteca.tianat.cat\/?p=12382\">Read More...<\/a><\/div><div class=\"tx-meta\"><span class=\"tx-author\">By : <a href=\"https:\/\/biblioteca.tianat.cat\/?author=4\">Marta Huguet<\/a><\/span><span class=\"tx-date\"> | mar\u00e7 28, 2026<\/span><\/div><\/div><\/div><\/div><div class=\"tx-blog-item tx-post-col-4\"><div class=\"tx-border-box\"><div class=\"tx-blog-img\"><a href=\"https:\/\/biblioteca.tianat.cat\/wp-content\/uploads\/2026\/03\/Hora-conte-BV-1.jpg\" class=\"tx-colorbox\"><img src=\"https:\/\/biblioteca.tianat.cat\/wp-content\/uploads\/2026\/03\/Hora-conte-BV-1-600x360.jpg\" alt=\"\" class=\"blog-image\" \/><\/a><span class=\"tx-post-comm\"><span>0<\/span><\/span><\/div><div class=\"tx-post-content\"><h3 class=\"tx-post-title\"><a href=\"https:\/\/biblioteca.tianat.cat\/?p=12379\">Hora del conte: Llegendes de dracs<\/a><\/h3><div style=\"height: 16px;\"><\/div><div class=\"tx-blog-content\">Dijous 23 d&#8217;abril a les 18 h. Aquest dijous, diada de Sant Jordi, la Biblioteca acollir\u00e0 una hora del conte que porta per t\u00edtol: &#8220;Llegendes de dracs&#8221;, una proposta per descobrir hist\u00f2ries<a class=\"moretag\" href=\"https:\/\/biblioteca.tianat.cat\/?p=12379\">Read More...<\/a><\/div><div class=\"tx-meta\"><span class=\"tx-author\">By : <a href=\"https:\/\/biblioteca.tianat.cat\/?author=4\">Marta Huguet<\/a><\/span><span class=\"tx-date\"> | mar\u00e7 28, 2026<\/span><\/div><\/div><\/div><\/div><div class=\"tx-blog-item tx-post-col-4\"><div class=\"tx-border-box\"><div class=\"tx-blog-img\"><a href=\"https:\/\/biblioteca.tianat.cat\/wp-content\/uploads\/2026\/02\/HoradelConte_LaVerema.jpg\" class=\"tx-colorbox\"><img src=\"https:\/\/biblioteca.tianat.cat\/wp-content\/uploads\/2026\/02\/HoradelConte_LaVerema-600x360.jpg\" alt=\"\" class=\"blog-image\" \/><\/a><span class=\"tx-post-comm\"><span>0<\/span><\/span><\/div><div class=\"tx-post-content\"><h3 class=\"tx-post-title\"><a href=\"https:\/\/biblioteca.tianat.cat\/?p=12331\">Hora del conte: La verema<\/a><\/h3><div style=\"height: 16px;\"><\/div><div class=\"tx-blog-content\">Dijous 19 de mar\u00e7 a les 18 h. Aquesta sessi\u00f3 quinzenal de l&#8217;hora del conte, estar\u00e0 dedicada a La Verema i anir\u00e0 a c\u00e0rrec de la mateixa autora del llibre, Noem\u00ed Fern\u00e1ndez.<a class=\"moretag\" href=\"https:\/\/biblioteca.tianat.cat\/?p=12331\">Read More...<\/a><\/div><div class=\"tx-meta\"><span class=\"tx-author\">By : <a href=\"https:\/\/biblioteca.tianat.cat\/?author=4\">Marta Huguet<\/a><\/span><span class=\"tx-date\"> | febr. 26, 2026<\/span><\/div><\/div><\/div><\/div><\/div><div class=\"nx-paging\"><div class=\"nx-paging-inner\"><span aria-current=\"page\" class=\"page-numbers current\">1<\/span>\n<a class=\"page-numbers\" href=\"https:\/\/biblioteca.tianat.cat\/index.php\/?paged=2&#038;rest_route=%2Fwp%2Fv2%2Fpages%2F4178\">2<\/a>\n<a class=\"page-numbers\" href=\"https:\/\/biblioteca.tianat.cat\/index.php\/?paged=3&#038;rest_route=%2Fwp%2Fv2%2Fpages%2F4178\">3<\/a>\n<span class=\"page-numbers dots\">&hellip;<\/span>\n<a class=\"page-numbers\" href=\"https:\/\/biblioteca.tianat.cat\/index.php\/?paged=172&#038;rest_route=%2Fwp%2Fv2%2Fpages%2F4178\">172<\/a>\n<a class=\"next page-numbers\" href=\"https:\/\/biblioteca.tianat.cat\/index.php\/?paged=2&#038;rest_route=%2Fwp%2Fv2%2Fpages%2F4178\">&raquo;<\/a><\/div><\/div>\n<div class=\"tx-divider clearfix\" style=\"margin-top: 10px;margin-bottom: 10px\"><\/div>\n","protected":false},"excerpt":{"rendered":"<p>Les \u00faltimes not\u00edcies de la biblioteca: Aquest estiu la Biblioteca romandr\u00e0 tancada per vacances del 4 d&#8217;agost al 24 d&#8217;agost (ambd\u00f3s inclosos)<\/p>\n","protected":false},"author":1,"featured_media":12082,"parent":2041,"menu_order":0,"comment_status":"closed","ping_status":"closed","template":"page-sidebar.php","meta":[],"_links":{"self":[{"href":"https:\/\/biblioteca.tianat.cat\/index.php?rest_route=\/wp\/v2\/pages\/4178"}],"collection":[{"href":"https:\/\/biblioteca.tianat.cat\/index.php?rest_route=\/wp\/v2\/pages"}],"about":[{"href":"https:\/\/biblioteca.tianat.cat\/index.php?rest_route=\/wp\/v2\/types\/page"}],"author":[{"embeddable":true,"href":"https:\/\/biblioteca.tianat.cat\/index.php?rest_route=\/wp\/v2\/users\/1"}],"replies":[{"embeddable":true,"href":"https:\/\/biblioteca.tianat.cat\/index.php?rest_route=%2Fwp%2Fv2%2Fcomments&post=4178"}],"version-history":[{"count":16,"href":"https:\/\/biblioteca.tianat.cat\/index.php?rest_route=\/wp\/v2\/pages\/4178\/revisions"}],"predecessor-version":[{"id":12083,"href":"https:\/\/biblioteca.tianat.cat\/index.php?rest_route=\/wp\/v2\/pages\/4178\/revisions\/12083"}],"up":[{"embeddable":true,"href":"https:\/\/biblioteca.tianat.cat\/index.php?rest_route=\/wp\/v2\/pages\/2041"}],"wp:featuredmedia":[{"embeddable":true,"href":"https:\/\/biblioteca.tianat.cat\/index.php?rest_route=\/wp\/v2\/media\/12082"}],"wp:attachment":[{"href":"https:\/\/biblioteca.tianat.cat\/index.php?rest_route=%2Fwp%2Fv2%2Fmedia&parent=4178"}],"curies":[{"name":"wp","href":"https:\/\/api.w.org\/{rel}","templated":true}]}}