{"id":6109,"date":"2018-01-29T11:36:12","date_gmt":"2018-01-29T09:36:12","guid":{"rendered":"https:\/\/biblioteca.tianat.cat\/?page_id=6109"},"modified":"2025-10-31T18:01:19","modified_gmt":"2025-10-31T16:01:19","slug":"book-club","status":"publish","type":"page","link":"https:\/\/biblioteca.tianat.cat\/?page_id=6109","title":{"rendered":"Book Club"},"content":{"rendered":"<div class=\"tx-row\">\n<div class=\"tx-column tx-column-size-1-3\">\n<h3>Qu\u00e8, qui, quan?<\/h3>\n<p style=\"text-align: justify;\">El <strong>Book Club <\/strong>de la Biblioteca de Can Baratau, \u00e9s un de Club de lectura en angl\u00e8s que es reuneix cada darrer dijous de mes, a les 19 h. Est\u00e0 coordinat per <strong>Laura Patricio.<\/strong><\/p>\n<\/div>\n<div class=\"tx-column tx-column-size-1-3\">\n<h3>Properes lectures<\/h3>\n<ul>\n<li><em>Let me be frank with you<\/em>, de Richard Ford. 30 d&#8217;octubre 2025<\/li>\n<li><em>The ballad of the sad cafe,<\/em> de Carson MacCullers. 27 de novembre 2025<\/li>\n<li><em>Hateship, friendship, courtship, loveship, marriage<\/em>,\u00a0 d&#8217;Alice Munro. 18 de desembre 2025<\/li>\n<li><em>Nora Webster<\/em>, de Colm T\u00f3ib\u00edn. 22 de gener 2026<\/li>\n<li><em>Skipping Christmas,<\/em> de John Grisham. 26 de febrer 2026<\/li>\n<li><em>The promise,<\/em> de Damon Galgut. 26 de mar\u00e7 2026<\/li>\n<li><em>Harlem shuffle<\/em>, de Colson Whitehead. 30 d&#8217;abril 2026<\/li>\n<li><em>Song of Solomon, <\/em>de Toni Morrison. 28 de maig 2026<\/li>\n<li><em>Our souls at night, <\/em>de Kent Haruf. 25 de juny 2026<\/li>\n<\/ul>\n<p><span style=\"font-size: revert; color: initial;\"><\/div><\/span><\/p>\n<div class=\"tx-column tx-column-size-1-3\">\n<h3>Com hi participo?<\/h3>\n<p>\u00c9s una activitat gratu\u00efta, es demana comprom\u00eds d&#8217;assist\u00e8ncia.<\/p>\n<p>Les preinscripcions s&#8217;han d&#8217;introduir<br \/>\n<a href=\"https:\/\/docs.google.com\/forms\/d\/e\/1FAIpQLSfPZJSiuFmF_JfhnqOXCo1nfNrFe_3xDS1g8QDeJOeaflZZDw\/viewform?usp=header\"><strong>al seg\u00fcent formulari<\/strong><\/a>.<\/p>\n<p>Les places s\u00f3n limitades.<br \/>\nS&#8217;enviar\u00e0 per correu electr\u00f2nic una confirmaci\u00f3 a les persones inscrites.<\/p>\n<\/div>\n<\/div>\n<div class=\"tx-divider clearfix\" style=\"margin-top: 10px;margin-bottom: 10px\"><\/div>\n<h3>Lectures<\/h3>\n<div class=\"tx-blog tx-post-row tx-masonry\"><div class=\"tx-blog-item tx-post-col-4\"><div class=\"tx-border-box\"><div class=\"tx-blog-img\"><a href=\"https:\/\/biblioteca.tianat.cat\/wp-content\/uploads\/2026\/04\/BOOK-CLUB-bv.jpg\" class=\"tx-colorbox\"><img src=\"https:\/\/biblioteca.tianat.cat\/wp-content\/uploads\/2026\/04\/BOOK-CLUB-bv-600x360.jpg\" alt=\"\" class=\"blog-image\" \/><\/a><span class=\"tx-post-comm\"><span>0<\/span><\/span><\/div><div class=\"tx-post-content\"><h3 class=\"tx-post-title\"><a href=\"https:\/\/biblioteca.tianat.cat\/?p=12450\">Book club: Song of Solomon, de Toni Morrison<\/a><\/h3><div style=\"height: 16px;\"><\/div><div class=\"tx-blog-content\">Dijous 28 de maig a les 19 h. Acabem el mes de maig amb una nova sessi\u00f3 del club de lectura en angl\u00e8s, el Book club. En aquesta sessi\u00f3 comentarem el llibre<a class=\"moretag\" href=\"https:\/\/biblioteca.tianat.cat\/?p=12450\">Read More...<\/a><\/div><div class=\"tx-meta\"><span class=\"tx-author\">By : <a href=\"https:\/\/biblioteca.tianat.cat\/?author=4\">Marta Huguet<\/a><\/span><span class=\"tx-date\"> | abr. 25, 2026<\/span><\/div><\/div><\/div><\/div><div class=\"tx-blog-item tx-post-col-4\"><div class=\"tx-border-box\"><div class=\"tx-blog-img\"><a href=\"https:\/\/biblioteca.tianat.cat\/wp-content\/uploads\/2026\/03\/Book-club-BV-2.jpg\" class=\"tx-colorbox\"><img src=\"https:\/\/biblioteca.tianat.cat\/wp-content\/uploads\/2026\/03\/Book-club-BV-2-600x360.jpg\" alt=\"\" class=\"blog-image\" \/><\/a><span class=\"tx-post-comm\"><span>0<\/span><\/span><\/div><div class=\"tx-post-content\"><h3 class=\"tx-post-title\"><a href=\"https:\/\/biblioteca.tianat.cat\/?p=12408\">Book club: Harlem Shuffle, de Colson Whitehead<\/a><\/h3><div style=\"height: 16px;\"><\/div><div class=\"tx-blog-content\">Dijous 30 d&#8217;abril a les 19 h. Acabem les activitats del mes d&#8217;abril, amb una nova trobada del club de lectura en angl\u00e8s, que coordina Laura Patricio, en el que parlarem del<a class=\"moretag\" href=\"https:\/\/biblioteca.tianat.cat\/?p=12408\">Read More...<\/a><\/div><div class=\"tx-meta\"><span class=\"tx-author\">By : <a href=\"https:\/\/biblioteca.tianat.cat\/?author=4\">Marta Huguet<\/a><\/span><span class=\"tx-date\"> | mar\u00e7 28, 2026<\/span><\/div><\/div><\/div><\/div><div class=\"tx-blog-item tx-post-col-4\"><div class=\"tx-border-box\"><div class=\"tx-blog-img\"><a href=\"https:\/\/biblioteca.tianat.cat\/wp-content\/uploads\/2026\/02\/BOOK-CLUB-BV-1.jpg\" class=\"tx-colorbox\"><img src=\"https:\/\/biblioteca.tianat.cat\/wp-content\/uploads\/2026\/02\/BOOK-CLUB-BV-1-600x360.jpg\" alt=\"\" class=\"blog-image\" \/><\/a><span class=\"tx-post-comm\"><span>0<\/span><\/span><\/div><div class=\"tx-post-content\"><h3 class=\"tx-post-title\"><a href=\"https:\/\/biblioteca.tianat.cat\/?p=12356\">Book club: The promise, de Damon Galgut<\/a><\/h3><div style=\"height: 16px;\"><\/div><div class=\"tx-blog-content\">Dijous 26 de mar\u00e7 a les 19 h. Acabem el mes de mar\u00e7 amb una nova sessi\u00f3 del club de lectura en angl\u00e8s que coordina Laura Patricio. Aquesta vegada comentarem el llibre:<a class=\"moretag\" href=\"https:\/\/biblioteca.tianat.cat\/?p=12356\">Read More...<\/a><\/div><div class=\"tx-meta\"><span class=\"tx-author\">By : <a href=\"https:\/\/biblioteca.tianat.cat\/?author=4\">Marta Huguet<\/a><\/span><span class=\"tx-date\"> | febr. 26, 2026<\/span><\/div><\/div><\/div><\/div><div class=\"tx-blog-item tx-post-col-4\"><div class=\"tx-border-box\"><div class=\"tx-blog-img\"><a href=\"https:\/\/biblioteca.tianat.cat\/wp-content\/uploads\/2026\/02\/book-bvBook-club.jpg\" class=\"tx-colorbox\"><img src=\"https:\/\/biblioteca.tianat.cat\/wp-content\/uploads\/2026\/02\/book-bvBook-club-600x360.jpg\" alt=\"\" class=\"blog-image\" \/><\/a><span class=\"tx-post-comm\"><span>0<\/span><\/span><\/div><div class=\"tx-post-content\"><h3 class=\"tx-post-title\"><a href=\"https:\/\/biblioteca.tianat.cat\/?p=12309\">Book Club: Skipping Christmas, de John Grisham<\/a><\/h3><div style=\"height: 16px;\"><\/div><div class=\"tx-blog-content\">Dijous 26 de febrer a les 19 h. Acabem aquesta darrera setmana del mes de febrer amb una nova sessi\u00f3 del club de lectura en angl\u00e8s, condu\u00eft per Laura Patricio. John Grisham<a class=\"moretag\" href=\"https:\/\/biblioteca.tianat.cat\/?p=12309\">Read More...<\/a><\/div><div class=\"tx-meta\"><span class=\"tx-author\">By : <a href=\"https:\/\/biblioteca.tianat.cat\/?author=4\">Marta Huguet<\/a><\/span><span class=\"tx-date\"> | febr. 2, 2026<\/span><\/div><\/div><\/div><\/div><\/div><div class=\"nx-paging\"><div class=\"nx-paging-inner\"><span aria-current=\"page\" class=\"page-numbers current\">1<\/span>\n<a class=\"page-numbers\" href=\"https:\/\/biblioteca.tianat.cat\/index.php\/?paged=2&#038;rest_route=%2Fwp%2Fv2%2Fpages%2F6109\">2<\/a>\n<a class=\"page-numbers\" href=\"https:\/\/biblioteca.tianat.cat\/index.php\/?paged=3&#038;rest_route=%2Fwp%2Fv2%2Fpages%2F6109\">3<\/a>\n<span class=\"page-numbers dots\">&hellip;<\/span>\n<a class=\"page-numbers\" href=\"https:\/\/biblioteca.tianat.cat\/index.php\/?paged=16&#038;rest_route=%2Fwp%2Fv2%2Fpages%2F6109\">16<\/a>\n<a class=\"next page-numbers\" href=\"https:\/\/biblioteca.tianat.cat\/index.php\/?paged=2&#038;rest_route=%2Fwp%2Fv2%2Fpages%2F6109\">&raquo;<\/a><\/div><\/div>\n","protected":false},"excerpt":{"rendered":"<p>Lectures<\/p>\n","protected":false},"author":1,"featured_media":0,"parent":2329,"menu_order":0,"comment_status":"closed","ping_status":"closed","template":"","meta":[],"_links":{"self":[{"href":"https:\/\/biblioteca.tianat.cat\/index.php?rest_route=\/wp\/v2\/pages\/6109"}],"collection":[{"href":"https:\/\/biblioteca.tianat.cat\/index.php?rest_route=\/wp\/v2\/pages"}],"about":[{"href":"https:\/\/biblioteca.tianat.cat\/index.php?rest_route=\/wp\/v2\/types\/page"}],"author":[{"embeddable":true,"href":"https:\/\/biblioteca.tianat.cat\/index.php?rest_route=\/wp\/v2\/users\/1"}],"replies":[{"embeddable":true,"href":"https:\/\/biblioteca.tianat.cat\/index.php?rest_route=%2Fwp%2Fv2%2Fcomments&post=6109"}],"version-history":[{"count":55,"href":"https:\/\/biblioteca.tianat.cat\/index.php?rest_route=\/wp\/v2\/pages\/6109\/revisions"}],"predecessor-version":[{"id":12190,"href":"https:\/\/biblioteca.tianat.cat\/index.php?rest_route=\/wp\/v2\/pages\/6109\/revisions\/12190"}],"up":[{"embeddable":true,"href":"https:\/\/biblioteca.tianat.cat\/index.php?rest_route=\/wp\/v2\/pages\/2329"}],"wp:attachment":[{"href":"https:\/\/biblioteca.tianat.cat\/index.php?rest_route=%2Fwp%2Fv2%2Fmedia&parent=6109"}],"curies":[{"name":"wp","href":"https:\/\/api.w.org\/{rel}","templated":true}]}}